e 4 + 0 + -40 + 42 + -38 + 65.
33
What is the value of 0 - (-4 - -2 - 4 - (58 - 65) - -73)?
-74
Evaluate (19 - -62) + 48 + -204.
-75
What is 102 + -114 - ((-5 - (-7 + -45)) + -2)?
-57
What is -89 - (-8 - (-12 + -9 + -3 + 10))?
-95
(-1 - -3 - 1) + (-66 - 0) - (-1656 - -1652)
-61
What is ((11 - 7) + 10 - 29) + 3 + -22?
-34
-9 - (-94 - (4 - 3 - (29 + -20 + -22)))
99
What is -19 + (26 - (103 + -46))?
-50
Calculate -8 - (-12 - ((0 - -40) + -9)) - 6.
29
Calculate 8 + (-40 + 21 + 10 - (1 - 17) - -41).
56
What is -765 + 777 + -10 + -2 + 4 + 50?
54
What is 72 + -91 + -42 + 96?
35
Calculate (1 - -5) + 849 + -838.
17
Calculate -5 - ((-4 - -1 - -3) + (45 - 81)).
31
Calculate 13 - (4 + (8 - (7 + 6)) - 5).
19
What is the value of -35 + -52 + 42 - -62?
17
Evaluate (-187 - -183) + 3 + -9 + 112 + -3 + -4.
95
-7 - (8 - (16 - -6))
7
Evaluate (4 + 0 + -6 - 42 - -1) + (-55 - -52).
-46
What is 23 - 38 - (-67 + 113)?
-61
Calculate (3 - -30 - -5) + -11 + 12.
39
Evaluate (-6 - 0) + -75 - (45 + -55).
-71
Calculate (10 - (-7 + 27 - (43 - 31))) + 35.
37
Calculate -75 + 58 + -17 - -111.
77
What is 1 + -2 + -1 - -13 - (-10615 + 10618)?
8
What is 316 + -323 - (4 + 8)?
-19
What is 45 - (1 + (9 - 18) + 8)?
45
8 - (1 - -12 - 8) - (-1 + 45)
-41
What is the value of 114 - (-10 + (20 - (7 + -11)))?
100
What is the value of 3 + (-3 - (-12 - 3) - 13) + 0?
2
What is -28 - (1 - 13 - (126 + -115))?
-5
What is the value of -2 + (-66 - -26) + 40?
-2
Calculate -28 - -2 - (-2 - (-2 + 10)).
-16
Evaluate (38 - 11 - 102) + (1 - ((-11 - -4) + 14)).
-81
What is -9 + -3 - 0 - (613 - 537)?
-88
Evaluate 28 + (48 - 7) + -47.
22
What is -36 + -51 + 34 + 35?
-18
Calculate 38 + -1 + 26 + (22 + -11 - 24).
50
Evaluate (7 - 25) + 0 + 16 - (1 - (-77 - 2)).
-82
What is the value of (162 + -206 - -53) + (-34 - 0)?
-25
Calculate (5 - -4) + (2 - -34) + -3 + -19.
23
What is -21 + 37 + 20 + -36 + 19?
19
Calculate (2 - -1 - (-45 + 27 - -24)) + -38 + -1.
-42
8 + (6 - 34 - (-1 - 4 - (-20 + 6)))
-29
-84 + 13 + (16 - 35) - (-4 - (0 + -5))
-91
Evaluate 3 + -22 + (18 - 11) - -64.
52
-49 + 7 - -49 - (2 + -1 - 42)
48
What is the value of -3362 + 3300 - (0 + -28)?
-34
What is the value of -24 + (-24 - (-10 - -11)) + 115?
66
What is the value of 31 + 0 + (-4 + (-1 - 5 - -4) - 3)?
22
Calculate (-110 - -113) + -3 + -1 - 8 - (20 - 35).
6
What is the value of (-2 + 47 - 12 - 8) + -11?
14
What is 29 - ((12 - 7) + (-23 - 11))?
58
Evaluate -6 + (3 - (-12 + 0)) - ((-35 - -5) + -8).
47
What is -6 - 6 - -11 - 77 - -13 - -11?
-54
12 - (-127 + (120 - 27))
46
Evaluate 14 - (-7 + 20 + -11 + -2) - 30.
-16
Calculate -33 + -15 + 6 + 51.
9
What is (-3 + 15 - 7 - (-51 + 0)) + -9?
47
Calculate -9 + -57 + 5 + -7 + -3 + 9 + -2.
-64
What is -60 - ((-87 - 47) + 11)?
63
Evaluate 108 + (43 - (163 + -71)).
59
-5 + (-28 + 5 - -37 - 21) + (52 - 1)
39
Calculate -9 + -8 + (-7 - (-3 + -9) - (-2 + -23)).
13
What is 2093 - 2184 - (0 - 6)?
-85
What is the value of -16 + (-36 - -42) + (-2 - -80 - -2)?
70
-22 + (-3 - (1 + -2)) + -5376 + 5371
-29
Evaluate -7 - (-22 - -8) - 9 - 7 - -19 - 57.
-47
(-2728 - -2766) + 0 + -1
37
What is (0 - (-4 - 0)) + -16 + 48 + -15 + 3?
24
Calculate -13 + -4 - (-16 + 15 + 2 - 31).
13
What is the value of -11 - (9 + 2 - (-9 - -24)) - -5?
-2
Calculate 29 + -24 - (3 + -6 + -2 + 15) - 1.
-6
Calculate (1 - 2) + (3 + 1 - (-33 + 48) - 11).
-23
Calculate (20 - 10) + 13 + -25 - (-35 + -1).
34
What is -17 + (-36 + -3 - -37 - -15)?
-4
0 - 8 - -1 - -5 - -5 - (35 + 3)
-35
What is the value of (-4 - (34 + -84)) + -1 + (2 - 1) + -8?
38
What is (-53 - -23) + -28 - -45?
-13
What is -8 - 9 - (-8 - (7 - 13 - -8))?
-7
What is -125 - (-1 - 69) - -22?
-33
What is (82 - 92) + -40 - (0 + (9 - (-3 - -4)))?
-58
-45 - -7 - (21 + -14 - 0)
-45
-7533 - -7431 - (-48 - -1)
-55
Evaluate -44 + 48 + -10 + 1 - 13 - 2.
-20
What is the value of (-18432 - -18468) + (2 - (2 + (9 - 0))) + 1?
28
What is -1 + 21 + (-196 + 63 - -73)?
-40
-15 - (-14 - (-13 + (6 - -7)) - 49)
48
Calculate ((53 - 36) + -34 - -22) + (-4 - 0).
1
Evaluate 57 + 25 + -2 + 478 + -518.
40
Evaluate 42 - (-8 - (5 - 22)) - (-9 - (-10 + 2)).
34
What is the value of -1 + 2 - (4 + 1 + (-189 - -280))?
-95
Calculate -104 + (-40 + 2 - (-4 - -4)) + 21.
-121
Calculate (-58 + 18 + 29 - -43) + -10.
22
What is (-2 + 1 - 108) + (244 - (-107 - -349))?
-107
Evaluate (-16 - (-149 - -48)) + -140.
-55
Calculate 386 + -597 + 152 + -10.
-69
Calculate 12 - 8 - (4 + (-15 - -7) - 7 - -128).
-113
What is 12936 + -12990 + (21 - 1)?
-34
Calculate -4 - ((-2 - (-4 + -2 + 13)) + 17).
-12
Evaluate 6 + (-4 - (23 + -19) - (-5 + 25)).
-22
Evaluate 12 + (-2 + (-2 - 80) - (868 - 878) - -14).
-48
Evaluate 72 + (39 + (8 - 31) - (0 - (-8 + -4))).
76
-4 + -16 + 3 + 159 + -180
-38
Evaluate (0 - -9 - -15 - (-11 - -13 - -3)) + -8.
11
Calculate -41 - (12 + -50) - -1.
-2
Calculate (27 + -20 - -45) + -23.
29
-15 + 6 - -8 - (386 + -290)
-97
Calculate 130 - 119 - (13 - 33).
31
What is -23 + (7 - 28) - -16?
-28
What is (2 - 0) + 0 + 0 + -14 + (-10117 - -10193)?
64
Evaluate -13 + (43 - (-25 - -87)).
-32
Evaluate (-151 - (-1 - 114)) + (9 - 0) + 1.
-26
What is 64 + -12 + (-61 - -25)?
16
Evaluate (0 - ((14 - -13) + -21)) + (-3 - 36).
-45
Calculate -32 + (-22 - -42 - -15) + 11.
14
Calculate 461 + -442 - ((-13 - -20) + -2 + -89).
103
What is the value of -16 + 18 + 23 + 11 + -18?
18
What is (-1 - -8 - (-49 + -30 - -92)) + (-2 - -63)?
55
Calculate -7 + (-12 + -2 - (-4 + 6 - -6)).
-29
Evaluate (-3 - 16) + (-40 - (-40 - 34)).
15
98 - (24 + -8 + -3 + 3)
82
What is the value of 86 + -45 - 50 - (4 + -10)?
-3
Calculate -35 + (-3 + -22 - -41).
-19
Calculate -2 + (0 - (-11 - (2 - -11) - (6 - -6))).
34
What is the value of (13 - -2) + (36 - 42) + (-334 - -313)?
-12
Evaluate 107 + 79 + -165 + 40 + 3 + -2.
62
What is the value of (0 - -4) + 26 + 3 + 15 + -8 - 10?
30
Evaluate 141 + -138 + 7 + (-2 - 115 - 0).
-107
Evaluate 2 + -77 + -3 - (0 - (6 - (-21 - -18))).
-69
Calculate -4 + 26 - (109 + -132).
45
What is (-7 - (-22 + 6)) + (123 + -130 - (-2 + -36))?
40
What is the value of -63 + 13 + 13 - -15?
-22
What is the value of -3 - (-37 + (-157 - -184) + 0 + -14)?
21
Evaluate -20 - (-27 + 13) - (0 - 3 - (2 - -20)).
19
Calculate -1 + 17 + (-78 - -2).
-60
Calculate 2 + 29 + (24 - 18) + -4 + -8.
25
50 + (5 + -37 - -27)
45
(25 - (16 - 25) - 140) + 27
-79
7 + 8 + (-25 - -49 - 96)
-57
What is -129 + 68 - -149 - 18?
70
-81 - -71 - (0 - 2) - (37 - (-1 + 0))
-46
Calculate 38 + 1 - (-5 + (-3 + 22 - 19)).
44
Evaluate -65 - ((-10 - (13 - 23)) + -12 - -1).
-54
Calculate 23 - (10 + 21 + (4 - -16)).
-28
Calculate -34 + (440 + -394 - (-2 + -13)).
27
Evaluate -1 + 9 + (-22 - (-8 + 64 - 49)).
-21
What is the value of (-2 - -16) + (-32 - 23 - -53)?
12
What is the value of 7 - 11 - (-63 - (-7 - -8))?
60
-33 - (-2 + (-91 - -43))
17
Calculate -9 + (17 - (4 + 4) - (10 - 4)).
-6
Evaluate (4 - (-4 - -11) - (-4 + 4)) + (-25 - 0).
-28
Evaluate 94 + 6 - (12 + -2 + 11 - (28 - 10)).
97
What is 12 - 69 - -15 - (34 + -7)?
-69
20 + -53 + 25 + 12 - 13
-9
Calculate -20 + (-42 - -40) - (2 + -4) - (-3 + 1).
-18
Calculate -123 + (-1 - -123) - (43 - 4).
-40
(-67 + 2 - (-697 - -737)) + 2
-103
What is the value of -98 - (44 - 69) - (2 + -4 + 3 - -1)?
-75
What is the value of 1 + -4 - (8 + -33) - (-4611 + 4549)?
84
Evaluate 1 + -25 + 140 + 177 + -328.
-35
Evaluate -58 + -58 + 108 - 34.
-42
Evaluate 9 - ((26 - 42 - -9) + 3 + 3).
10
What is -410 + 392 + (-50 - 1) - (6 + -12)?
-63
What is -56 - -56 - (1 + -6 - 2) - (3 + 53)?
-49
What is (-62 - 35) + 101 - (-1 + 0 - (2 - 79))?
-72
Evaluate 8 + -48 + (-10 - ((6 - 5) + 5 + -4)).
-52
What is (131 - 133) + (-2 + -14 - 1) - (32 - 29)?
-22
What is (8 + 2 - 27) + (-2 - -7 - 5)?
-17
29 + -41 + -40 + 23 - -50
21
What is 21 - (4 + -5) - (133 - 117) - -31?
37
What is -27 + (2 - 16 - 6 - -29)?
-18
What is the value of 115 + -130 - (-8 + 9 - 48)?
32
(-38 - (12 + (-17 - -33 - 8))) + 20
-38
Evaluate (-9 - 0) + (-1 - -2) - (460 + -208 + -312).
52
Evaluate 0 - -25 - (-5 + -2 - (-37 - (-29 + -12))).
36
Calculate -22 - (69 - 147 - -27).
29
Calculate (-40 - (28 - 35) - -53) + -125.
-105
What is (12 - -2) + (-22 - (21 - 20 - 23))?
14
What is 55 - (4 - (-15 + -12))?
24
Calculate (124 - (-9 - -9) - 0 - (-10 - -10)) + -8.
116
What is the value of -9 - (13 - 16 - 4) - (-17 + -2)?
17
Ca